10
Let j(t) = -330*t - 11588. What is j(-35)?
-38
Let z(p) = 391*p + 151509. What is z(-399)?
-4500
Let t(i) = -i**3 + 144*i**2 - 164*i + 2959. Calculate t(143).
-44
Let i(d) = 2*d**3 + 213*d**2 + 115*d + 943. Give i(-106).
-11
Let g(i) = -i**2 - 823*i - 164163. Calculate g(-341).
199
Let m(i) = -593*i + 198657. What is m(335)?
2
Let o(h) = 2*h**2 - 87*h + 920. Calculate o(11).
205
Let d(u) = -7*u**2 + 1296*u + 17873. What is d(198)?
53
Let p(b) = -445545*b - 10247534. Give p(-23).
1
Let h(f) = -f**3 - 30*f**2 - 245*f - 557. Give h(-3).
-65
Let b(r) = -84695*r + 17616549. Give b(208).
-11
Let w(k) = -3*k**2 - 93*k + 3445. What is w(21)?
169
Let o(i) = -i**3 - 382*i**2 + 430*i + 17942. Give o(-383).
-59
Let t(x) = x**2 + 31*x - 750. Determine t(-32).
-718
Let x(i) = i**3 + 58*i**2 + 1153*i + 7979. Determine x(-22).
37
Let f(n) = -85*n**2 + 9*n + 233. What is f(0)?
233
Let r(n) = 673*n - 81730. Give r(121).
-297
Let u(t) = -2*t**3 + 16*t**2 - 3*t + 38. Calculate u(8).
14
Let u(f) = -285*f**2 + 7702*f - 131. Determine u(27).
58
Let j(c) = 2*c**3 + 72*c**2 - 331*c - 11924. What is j(-36)?
-8
Let k(f) = -21*f**3 + 200*f**2 - 488*f + 20. Give k(5).
-45
Let y(s) = 941*s - 257861. What is y(274)?
-27
Let z(l) = -8*l**3 + 24*l**2 + 233*l + 37. Determine z(-7).
2326
Let n(q) = -222*q**2 + 5461*q - 33158. Determine n(11).
51
Let c(f) = -4*f**2 - 78603*f - 392972. Determine c(-5).
-57
Let p(n) = -25563*n + 178924. Calculate p(7).
-17
Let h(z) = -z**2 + 96*z - 3162. What is h(45)?
-867
Let l(c) = 372*c + 11495. Give l(-40).
-3385
Let f(v) = -v**3 + 29*v**2 + 2867*v + 99. Give f(70).
-111
Let d(h) = 30106*h - 331016. Determine d(11).
150
Let a(z) = -3545*z + 35044. What is a(10)?
-406
Let h(k) = -62910*k - 112. Calculate h(0).
-112
Let v(f) = -260*f - 16336. Give v(-63).
44
Let r(l) = 9010*l + 369409. Calculate r(-41).
-1
Let z(p) = -17268*p + 86344. Determine z(5).
4
Let k(r) = 203*r**2 - 903*r + 687. Calculate k(1).
-13
Let j(k) = 11*k**2 - 5824*k - 11652. Calculate j(-2).
40
Let b(o) = 2347*o + 171014. Give b(-73).
-317
Let z(x) = 9*x**2 - 6246*x - 18722. Determine z(-3).
97
Let f(t) = 27*t**2 + 810*t - 3678. Give f(-34).
-6
Let m(v) = -12*v**2 + 1009*v - 19915. Determine m(53).
-146
Let w(d) = -85*d**2 - 13232*d + 4401. Calculate w(-156).
33
Let y(l) = -210*l + 15499. Give y(72).
379
Let u(a) = -959*a + 2096. Determine u(2).
178
Let h(r) = 5*r**2 + 9495*r + 271175. Determine h(-29).
25
Let j(b) = -761*b - 46319. Give j(-61).
102
Let g(h) = -2*h - 4383. What is g(-175)?
-4033
Let n(v) = 31*v - 5144. Give n(97).
-2137
Let g(f) = -f**3 + 184*f**2 - 530*f + 406. What is g(181)?
2759
Let g(j) = 3*j**3 + 733*j**2 + 250*j + 1825. Determine g(-244).
361
Let s(v) = 7*v**3 + 2975*v**2 + v + 417. What is s(-425)?
-8
Let n(r) = -r**3 - 8*r**2 + 48*r - 813. Determine n(-15).
42
Let r(l) = -l**2 + 3299*l + 66245. Determine r(-20).
-135
Let h(z) = 24*z**2 - 18549*z - 20953. Calculate h(774).
-55
Let w(o) = 12848*o - 51519. Calculate w(4).
-127
Let u(r) = 15*r**2 + 333*r + 63. Calculate u(-22).
-3
Let j(g) = -1865*g + 46818. Determine j(24).
2058
Let a(j) = 14*j**2 - 705*j + 6781. What is a(37)?
-138
Let w(o) = 5320*o - 48465. Calculate w(9).
-585
Let q(f) = -f**3 + 430*f**2 - 3419*f + 18126. Determine q(422).
-20
Let h(p) = 15*p**3 + 53*p**2 + 58*p + 11. What is h(-1)?
-9
Let f(z) = -4*z**2 + 584*z + 11300. Determine f(164).
-508
Let u(m) = m**2 + 710*m - 11459. Calculate u(16).
157
Let m(o) = -o**3 + 277*o**2 - 13350*o + 4306. What is m(215)?
6
Let n(v) = -1852*v + 14760. Calculate n(8).
-56
Let o(d) = d**2 + 17670*d - 212067. Calculate o(12).
117
Let o(s) = -2*s**3 - 77*s**2 - 731*s - 26332. Determine o(-38).
2
Let r(k) = -k**2 + 1236*k + 51191. Determine r(-40).
151
Let m(d) = -6*d**2 + 8996*d - 341721. Determine m(39).
-3
Let c(m) = 11969*m - 610279. Give c(51).
140
Let r(t) = 40*t**2 + 2006*t + 5934. Determine r(-47).
12
Let d(q) = -141*q - 5058. Determine d(-22).
-1956
Let r(b) = -b**3 + 1147*b**2 - 3177*b - 291718. Calculate r(1144).
2
Let a(n) = 2*n**3 - 132*n**2 + 2027*n - 17. Determine a(25).
-592
Let i(f) = -4*f**3 + 47*f**2 - 55*f - 502. Determine i(8).
18
Let l(x) = 30*x - 51. Calculate l(-32).
-1011
Let g(z) = z**3 - 135*z**2 + 902*z - 707. Determine g(128).
61
Let h(f) = -f**3 - 224*f**2 - 10144*f - 164. Calculate h(-161).
-3
Let t(a) = -98*a + 2889. Calculate t(10).
1909
Let x(h) = -122127*h - 854927. Calculate x(-7).
-38
Let h(c) = 5*c**2 - 120*c - 123. Calculate h(35).
1802
Let v(h) = 7*h**2 + 306*h - 263. What is v(-51)?
2338
Let g(d) = 194*d**2 - 18035*d - 743. What is g(93)?
-92
Let j(v) = -v**3 + 27*v**2 + 93*v - 1955. Give j(23).
2300
Let k(w) = 1612*w - 25433. Give k(16).
359
Let i(h) = 8558*h - 11176722. Calculate i(1306).
26
Let j(g) = g**3 + 22*g**2 - 825*g - 316. Determine j(20).
-16
Let h(q) = 53*q - 7025. Calculate h(120).
-665
Let h(n) = 81*n**3 - 565*n**2 - 42*n + 307. Calculate h(7).
111
Let s(p) = -p**2 - 74*p + 483. Give s(-81).
-84
Let r(v) = 53689*v**2 + 429511*v - 11. What is r(-8)?
-3
Let r(w) = 4*w**2 + 1274*w + 9825. Calculate r(-8).
-111
Let z(p) = -10135*p + 121635. Determine z(12).
15
Let t(y) = -2*y**3 - 953*y**2 - 29614*y + 29671. Determine t(-443).
-10
Let j(g) = -g**3 - 1335*g**2 + 1531*g + 3821899. What is j(-1334)?
-11
Let s(j) = 3*j**3 + 177*j**2 - 48*j + 113. What is s(-59)?
2945
Let z(s) = s**3 - 2*s**2 - 56*s - 180. Give z(-10).
-820
Let i(r) = 22*r - 4017. Determine i(150).
-717
Let o(a) = a**2 + 395*a + 9300. Give o(-31).
-1984
Let q(j) = -1630*j - 1385634. Determine q(-850).
-134
Let v(p) = 51*p + 2911. Give v(-63).
-302
Let r(j) = -154*j + 79. Determine r(1).
-75
Let z(n) = -2082263*n + 4164526. Give z(2).
0
Let x(m) = -2223*m + 4465. Give x(2).
19
Let b(r) = 6959*r + 152977. Calculate b(-22).
-121
Let n(x) = 30*x**2 + 444*x - 148. Give n(-15).
-58
Let y(w) = 35*w**3 + 41*w**2 + 112*w - 2. Give y(-3).
-914
Let i(q) = -221*q + 9172. Calculate i(56).
-3204
Let m(u) = -u**3 + 51*u**2 - 66*u + 830. Determine m(50).
30
Let o(t) = -296*t**2 + 1791*t - 34. Give o(6).
56
Let r(z) = -z**3 + 2*z**2 - 3620*z + 21958. Give r(6).
94
Let r(s) = 9*s**2 - 7577*s + 168810. Give r(819).
96
Let y(p) = 104*p + 3696. Calculate y(-33).
264
Let n(y) = y**3 + 276*y**2 + 60*y + 18726. Determine n(-276).
2166
Let u(q) = -100269*q + 701857. Calculate u(7).
-26
Let l(g) = 1260*g + 149949. Determine l(-119).
9
Let r(n) = 2*n**3 + 190*n**2 + 189*n + 99. Determine r(-94).
5
Let y(n) = -3639*n + 30819. Determine y(9).
-1932
Let o(m) = -14*m**2 - 48892*m - 875528. Give o(-18).
-8
Let x(z) = z**3 - 47*z**2 + 152*z - 1179. Calculate x(44).
-299
Let j(a) = -67*a**2 - 838*a - 2519. Give j(-3).
-608
Let z(r) = -r**2 - 123*r + 15880. Determine z(80).
-360
Let w(x) = x**2 - 917*x + 41714. What is w(48)?
2
Let d(w) = -6*w**2 - 13026*w + 342728. What is d(26)?
-4
Let i(s) = -115425*s + 21. Give i(0).
21
Let q(n) = -47251*n - 1181279. Calculate q(-25).
-4
Let v(i) = 2*i**3 - 502*i**2 + 4975*i - 37345. Calculate v(241).
10
Let x(u) = 47*u**2 + 90*u - 391. Give x(-4).
1
Let c(d) = -4*d**2 + 54*d - 385. Calculate c(10).
-245
Let p(o) = -o**2 - 417*o + 3402. What is p(-425)?
2
Let a(h) = 4*h + 228. What is a(52)?
436
Let w(s) = -3*s**3 + 139*s**2 + 316*s - 16616. Give w(46).
36
Let m(p) = p**3 + 4*p**2 - 61*p - 175. What is m(-4)?
69
Let c(m) = -9*m**2 + 1433*m - 5794. Determine c(4).
-206
Let o(g) = 13*g**2 + 52*g + 170. What is o(-2)?
118
Let a(j) = -5*j**3 - 1078*j**2 - 12789*j - 43. What is a(-203)?
-43
Let j(p) = -34235*p**2 + 102705*p. What is j(3)?
0
Let q(k) = -8821*k - 705766. Give q(-80).
-86
Let x(u) = -1611*u + 16084. Determine x(10).
-26
Let o(q) = 2*q - 910. Give o(38).
-834
Let w(g) = -12335*g + 36627. Calculate w(3).
-378
Let k(a) = 118*a - 7514. Determine k(55).
-1024
Let i(f) = -874*f - 2751. Give i(-4).
745
Let f(q) = -1299800*q - 11698199. Give f(-9).
1
Let n(f) = 26613*f + 26598. Give n(-1).
-15
Let g(a) = -21*a**2 + 450*a - 888. Give g(2).
-72
Let t(k) = -999*k**3 - 5*k**2 - 3*k + 2. Give t(-1).
999
Let y(u) = 393*u**2 - 97857*u + 557. Calculate y(249).
557
Let r(a) = 2*a**3 + 982*a**2 + 2926*a - 994. What is r(-488)?
-18
Let m(n) = -n**3 + 226*n**2 + 4033*n - 38. Determine m(-17).
1628
Let i(h) = 92272*h - 4890409. What is i(53)?